 second derivative of d**5/20 - d**4/3 + d**3/6 + 2*d**2 - 7*d. Calculate h(3).
-2
Let x(k) = 9*k**3 - 10*k**2 - 3*k + 19. Let g(t) = 5*t**3 - 5*t**2 - t + 10. Let z(b) = -7*g(b) + 4*x(b). Determine z(6).
12
Let y(z) = 2*z + 1 + 3*z - 3 - 2*z. Let o be y(2). Suppose 0 = o*p - 3*p. Let b(f) = f**3 - f**2 - 3. Determine b(p).
-3
Suppose -4*d + 12 + 20 = 0. Suppose 2*h - 4*h = -d. Let y(p) = -p**3 + 3*p**2 + 3*p + 2. Calculate y(h).
-2
Let l(h) = 113*h**3 - 57*h**3 - 57*h**3 - 1 + 2*h. Determine l(-3).
20
Let m(y) = -y**2 - 3*y + 9. Let i be m(-4). Let l(a) = 2*a - 5. Calculate l(i).
5
Let v = 10 + -8. Let k(y) = 7*y - 3. Let l(z) = 1. Let d(m) = 6*m - 7. Let j(s) = d(s) + 4*l(s). Let x(a) = -5*j(a) + 4*k(a). What is x(v)?
-1
Let z(w) = -w + 3. Let p be 2/11 + (-84)/(-22). Calculate z(p).
-1
Let l(a) = a**3 + 2*a**2 + 3*a. Let y be (-6)/(2/(2 + -4)). Suppose -y = 4*m - m. Calculate l(m).
-6
Let w(b) = -b**3 - b**2 - b + 1. Let g(h) = -7*h**3 - 10*h**2 - 8*h + 1. Let r(s) = -g(s) + 6*w(s). Suppose -3*z - 20 = 2*z. Calculate r(z).
-3
Let v(r) = -2*r**3 - 4*r**2 - 3*r - 2. Let i(u) = -2*u + 10. Let s be i(8). Let d be 12/(-9)*s/(-4). Determine v(d).
4
Let u(g) = -g**3 - 3*g**2 - 2*g - 1. Let v be u(-3). Suppose -2*p + 0 + 9 = -a, -17 = -3*p - 2*a. Let o(x) = -2*x**2 + 0*x**2 + 3*x**2 - 5*x + p. What is o(v)?
5
Let k(t) = 7*t**2 + 7*t + 6. Let r(d) = 14*d**2 + 15*d + 13. Let s(a) = 13*k(a) - 6*r(a). Let y be 0*(3/2 - 1). Let q be y + 1 + 8/(-4). Determine s(q).
6
Suppose -4*p = 4*o - 12, p + 0*p - 4*o + 17 = 0. Let a(d) = -13*d**3 - d**2 + d + 1. Determine a(p).
12
Let n(a) = -5*a**3 - a**2 + 1. Let g be (-27)/(-21) + 4/(-14). Let t = -11 - -17. Let r be (g/2)/(3/t). Give n(r).
-5
Let w(i) be the second derivative of i**3/6 + i**2 + 20*i. Give w(-6).
-4
Let h(v) = v - 10. Let n = 106 + -106. Calculate h(n).
-10
Let a(f) = -4*f**3 - 12*f**2 - 7*f + 13. Let t(z) = z**3 + z**2 - 1. Let b(i) = a(i) + 3*t(i). Calculate b(-8).
2
Let q = -9 + 12. Let u(b) be the third derivative of b**5/30 - b**4/12 - b**3/3 + b**2. Determine u(q).
10
Let z(i) = -6*i**2 - i. Let d be (-3)/2*(-42)/9. Let h = -7 - -13. Let c = h - d. Determine z(c).
-5
Let k(x) = x + 3. Let v be (-2 - 10)/3 + -1. Determine k(v).
-2
Let o(w) = -3*w - 3. Suppose -3*q = -18*q - 30. What is o(q)?
3
Let s(n) be the first derivative of -n**3/3 - 5*n**2/2 + 4*n - 2. Let i = -12 - -6. Let g be s(i). Let m(h) = 4*h + 3. What is m(g)?
-5
Let v(d) = -7*d**3 - 3*d**2 - 4*d + 3. Let q(y) = 6*y**3 + 2*y**2 + 3*y - 2. Let j(m) = 6*q(m) + 5*v(m). Give j(2).
-5
Let n(h) = -h - 4. Suppose 4*a + x = -0*x - 29, -3*a = 2*x + 28. Let s be n(a). Let z(g) = g**2 - g + 1. Calculate z(s).
3
Let c(q) = -1 + 4*q**2 + 0 - q**3 - q - 4*q**2. Let f = -1 - 0. Let p(g) = -5*g**3 - 6*g**2 - 6*g + 2. Let a(k) = f*p(k) + 4*c(k). Calculate a(-5).
9
Suppose -35*c + 24*c - 33 = 0. Let x(i) = -3*i + 1. Determine x(c).
10
Let j = -8 + 14. Suppose 0 = -4*d + 6 + j. Let n be ((-10)/3)/((-2)/d). Let m(g) = g**3 - 6*g**2 + 6*g + 1. Determine m(n).
6
Let d(s) = -2. Let r(i) = -i**2 + 7*i - 8. Let p(w) = 4*d(w) - r(w). Let g(z) = z**2 - 5*z + 5. Let h be g(5). Determine p(h).
-10
Let g(z) = -z**2 + z. Let x(v) = v**2 + 14*v + 15. Let j be x(-13). Suppose -5*u = -j*a + 13, -4*u - a = a - 4. Give g(u).
-2
Suppose 2*d + 3*j = -7, 3*d - 2 = 5*j - 3. Let g(c) = -3*c - 5 - 4*c**2 + 4 + 0*c. What is g(d)?
-11
Let f(n) = 2*n + 7. Let t(j) = -j - 4. Let w(x) = -3*f(x) - 5*t(x). Calculate w(3).
-4
Let b be -5 + 2 + (-1 - 1). Let u(t) = t**2 + 7*t - 4. Let x be u(b). Let f be (-60)/x - 2/7. Let g(r) = r**2 - 2*r - 4. Calculate g(f).
4
Let a(w) be the second derivative of w**7/2520 + w**6/120 + w**5/40 + w**4/4 - 3*w. Let c(x) be the third derivative of a(x). Calculate c(-4).
-5
Let a(m) = m**3 - 5*m**2 - 5*m - 4. Let z = 72 - 66. Determine a(z).
2
Let o(x) = -4*x**3 - x**2 - 6*x - 15. Let b(c) = -3*c**3 - 2*c**2 - 6*c - 14. Let v(l) = -5*b(l) + 4*o(l). Determine v(7).
3
Let f = 4 + -2. Let b(n) = -3*n - n**2 + 2*n**2 + 0*n**2 + 0*n**f - 3. Let d be (1 - 0)/((-2)/4). Give b(d).
7
Suppose 3*y + 3*c + c - 2 = 0, -2*y - 4*c = 0. Suppose -m = m - y*p - 8, -m - 2 = 2*p. Suppose 3 = -m*f + 1. Let u(r) = -5*r - 1. Determine u(f).
4
Let b(w) = -4*w + 12. Let f(i) = -i + 1. Let n(j) = b(j) - 5*f(j). Let z(m) = 2*m + 9. Let y be z(-7). What is n(y)?
2
Let i(s) = -2*s - 4. Let v be i(-3). Let b(l) = -3*l + 2 + 5*l**2 - 3*l**2 - l**3 + l. Give b(v).
-2
Let x(c) = 2*c + 4. Let z(k) = 4*k + 3. Let j be z(-2). What is x(j)?
-6
Let z be 84/10 - 8/20. Let p(f) = f**3 - 8*f**2 - 3*f + 11. What is p(z)?
-13
Let h(d) = 4*d + 2. Let k = 3 + -8. Let j = -7 - k. Determine h(j).
-6
Suppose 5*k = -4 - 6. Let m(f) = -f**2 - 1. Let x(v) = 4*v**2 + v + 5. Let o(w) = 3*m(w) + x(w). Give o(k).
4
Let x(i) = -8*i**2 + 3*i - 3. Let q(t) = 3*t**2 - t + 1. Let n(z) = 11*q(z) + 4*x(z). Let w be 13/(-5) - 33/(-55). What is n(w)?
1
Let p = -4 + 6. Let x(v) = v**p - 4*v + 4*v - 4 + 2*v. Suppose 9 = 4*s - 7*s. Give x(s).
-1
Let v(z) = 3*z - z - z - 19 + 49. What is v(0)?
30
Suppose 4*g = 3*c - 10 - 1, 5*g - 2*c = -5. Let i(t) = 7*t + 1. Let r(n) = 15*n + 2. Let p(v) = 5*i(v) - 2*r(v). Calculate p(g).
6
Let y(w) = -84 - w + 28 + 29 + 30. What is y(-7)?
10
Let x(s) = 4*s - 3*s + 0*s**2 + s**2. Let l(v) = v**3 + 3*v**2 + 4*v + 2. Let g(a) = l(a) - 4*x(a). Determine g(0).
2
Let m(c) = c**2 - 7*c + 3. Let l = 23 - 17. What is m(l)?
-3
Let l(g) = 7*g - 2. Let z(k) = 6*k - 3. Let s(r) = 3*l(r) - 2*z(r). Determine s(-1).
-9
Let b be (-107)/15 - 6/(-45). Let a(p) = -p**2 - 7*p + 4. Let r be a(b). Let l(v) = -v - 4. What is l(r)?
-8
Let w = -1 - -6. Let g(f) be the first derivative of -f**3/3 + 5*f**2/2 + 3*f + 13. Give g(w).
3
Let h(t) be the second derivative of 7*t**5/120 + t**4/8 - t**3/6 - t. Let q(d) be the second derivative of h(d). Suppose 0 = -4*j - 4 - 4. Calculate q(j).
-11
Let q(v) = 89 + 7*v - 90 - 6*v. What is q(-5)?
-6
Let z(n) be the third derivative of -19*n**5/60 + 33*n**2. Calculate z(1).
-19
Let k(i) = -5*i - 8. Let h(y) = y + 1. Let d(b) = -6*h(b) - k(b). Let t(f) = f**2 - 6*f + 1. Let s be t(7). Suppose -s*a = -3*a - 10. Give d(a).
0
Let r(f) = f - 6. Let b(j) = 2*j**2 - 2*j - 8. Let q be b(6). Suppose -2*h + q = -2*y + 3*y, 4*y + 92 = 4*h. Suppose -h = -2*p - 3*p. What is r(p)?
-1
Let p(s) = -3 - 4 - 3*s + 11 - 6. Give p(-4).
10
Let j(q) = 2*q + 1. Let f(p) = -5*p - 3. Let l(u) = -4*f(u) - 11*j(u). Determine l(-1).
3
Let d(g) be the first derivative of 7*g**3/3 + g**2 - g - 17. Calculate d(1).
8
Let c(j) = j**3 + 2*j - 1. Let m(p) = 3*p**3 - 3*p + 2*p**2 + p**2 + 0*p**2 - 4*p**3. Let g be m(2). Give c(g).
-13
Suppose -6 - 9 = -5*t. Let d(q) = 0*q**2 - t*q**3 + q - 2*q**2 + 3*q**2. Let j be (2/6)/(5/(-15)). What is d(j)?
3
Let n(q) = -71*q**2 + q**3 - 10 + 39*q**2 + 33*q**2. Determine n(0).
-10
Suppose -27 = 4*x - 3. Let k(l) = -l**3 - 6*l**2 - l - 8. Calculate k(x).
-2
Let f(u) = -u**2 - 11*u. Let a be f(-11). Let t(j) be the first derivative of -j**3/3 - j**2/2 - 4*j + 5. Determine t(a).
-4
Let c(j) be the first derivative of j**2/2 + 7*j + 1. Let p be (-3 + 1 + -5)*(-30)/(-35). Determine c(p).
1
Suppose h - 21 = -4*d, -2*d - 4*h - 1 + 15 = 0. Let z(r) = 1 - 3 + d*r - 3*r - r. Let y be -4 + (-2 - -3*1). Determine z(y).
-5
Let f = -4 - -8. Suppose 4 + f = -2*r. Let b(z) = z**3 + 3*z**2 - 6*z - 4. Give b(r).
4
Let u(b) = 7*b + 6. Let r(a) = -3*a - 3. Suppose -3 = -7*g + 4*g - 3*o, -5*g + 37 = -3*o. Let y(n) = g*r(n) + 2*u(n). What is y(0)?
-3
Let z(k) = -k**2 - 5*k + 2. Let y be z(-5). Let j(u) = -2*u + 1. Let p(r) = -3*r + 1. Let q(n) = -5*j(n) + 2*p(n). Calculate q(y).
5
Let k(y) = 0 + 29*y - 23*y - y**2 - 5. Suppose 3*t = -2 + 14. What is k(t)?
3
Let i(d) be the second derivative of -1/6*d**3 - 3/2*d**2 + 0 - 4*d. Let m(g) = g**2 - 5*g - 4. Let v be m(5). Calculate i(v).
1
Let t(r) = -r**3 + r**2 + 4*r - 2. Let p(o) = 1. Let c(u) = -2*u - 2. Let n(m) = -c(m) - 5*p(m). Let a be n(3). Determine t(a).
-8
Let y(r) = -3*r - 1. Let a be ((-10)/(-25))/(2/10). Give y(a).
-7
Let n = 26 - 18. Let l = 3 - n. Let h(s) = s**3 + 5*s**2 - s - 2. Calculate h(l).
3
Suppose 6 = 4*r - 2*r. Suppose -2*u + r*u - 2 = 0. Let z(y) = y - y - u*y - 7. Determine z(-5).
3
Let j be ((-6)/4)/3*0. Le